).
3
Let k(b) be the third derivative of b**5/60 - 5*b**4/12 - 2*b**3/3 - 9*b**2 + 4*b. Calculate k(9).
-13
Suppose -5*q = -5*b + 20, -2*b - 3*q - 2*q = 6. Let x(w) be the second derivative of -3/2*w**2 + 1/2*w**3 - 13*w + 0 - 1/12*w**4. What is x(b)?
-1
Let u(b) = b**2 + b. Let g(l) = l - 9. Let z(f) = -f + 9. Let y(o) = -7*g(o) - 6*z(o). Let c be y(8). Give u(c).
2
Let v = -26 + -3. Let i be -1 + (2 - v - 2). Suppose -14 = -3*q + o, -4*q - 2*o = -o - i. Let x(g) = g**2 - 6*g - 8. Calculate x(q).
-8
Let x(z) = -z**3 - 2*z**2 + 3*z + 4. Let t be x(-3). Suppose -s + 3*s = t. Let i(r) = s*r + 7*r**2 + 7*r - 8*r + 1 + r. Give i(-1).
6
Let x(o) be the second derivative of -o**3 + 0 + 1/3*o**4 + 1/20*o**5 + o + 1/2*o**2. Suppose 2*d + 13 = -3*u, 0*d + 12 = -3*d + 3*u. Give x(d).
6
Let p(d) = 538*d**2 + 535*d**2 - 3 - 1070*d**2 + 1 + 2*d. Let u = 10 - 7. Suppose 5*c = u*s - 16, 2*c - 3*s + 7 = -3. Give p(c).
6
Let g(r) = -2*r**2 + 18*r - 6. Suppose 4*o - 2*y = 32, 43 = -7*o + 12*o - y. Calculate g(o).
-6
Let p(g) = -24*g - 14. Let z(x) = -11*x - 7. Let u(c) = 6*p(c) - 13*z(c). Give u(6).
1
Let i(r) = 21*r - 20. Let q be i(1). Let u(y) = 20*y - 1. Calculate u(q).
19
Let p(r) = -r - 1. Let a be p(-5). Let w(j) = 2*j**3 + 10*j**2 - 6*j - 14. Let u(q) = q**3 + 5*q**2 - 3*q - 7. Let z(x) = a*w(x) - 7*u(x). Calculate z(-5).
8
Let s(i) = i**3 - i**2 - i - 10. Suppose 5*m - 23 = -13. Let j be 4/(-14) - m/(-7). Give s(j).
-10
Let v(m) = 3*m**3 - 3*m**2 - 4*m + 1. Let p be (-1)/(0 - 1)*9. Let t(n) = 13*n**3 - 12*n**2 - 16*n + 3. Let r(z) = p*v(z) - 2*t(z). Give r(4).
3
Let c(k) = k + 10. Let o = 158 - 93. Let i = -37 + o. Suppose 8*y - 4*y = -i. Determine c(y).
3
Let j be (24/(-9) + 3)*3. Let f be j/2 + (-18)/(-4). Suppose -2 = 3*t + w + 3, -w = -2*t + f. Let p(m) = m**3 - m**2 + m - 7. Determine p(t).
-7
Let p(o) = o**2 - 7*o. Let d be p(7). Suppose -5*z + 3*j + 11 = d, -2*z - z + j = -5. Let t(u) = 59*u**2 - u + 0*u - 53*u**2. Give t(z).
5
Let b(i) = -i**2 - 6*i - 5. Let v(m) = m**3 - 12*m**2 + 10*m + 14. Let n be v(11). Suppose -y - 17 = n*f - 4, -f - 9 = -2*y. Determine b(f).
0
Let q(k) = -5*k**2 - 39*k + 191. Let l(y) = -3*y**2 - 26*y + 125. Let o(b) = -8*l(b) + 5*q(b). Give o(6).
-3
Let h(n) = 2*n + 2. Suppose 4*x + 198 = 2*k, 8*x + 4*k = 13*x + 246. Let g = x - -42. Give h(g).
-14
Let y(w) = 5*w**3 + 6*w**2 - 8. Let o(g) = -4*g**3 - 5*g**2 + 7. Let f(u) = -6*o(u) - 5*y(u). Let r be -2 - -2 - (-1 - 1). Give f(r).
-10
Let f(c) be the third derivative of c**6/60 + c**5/60 - c**3/6 - 5*c**2 - 4. What is f(2)?
19
Let f(u) = -6*u - 12. Let h(v) = v + 2. Let b(j) = 6*f(j) + 34*h(j). Let a = 6 - 3. Suppose -3*i + t + 3 = 4*t, -i - a*t = -9. What is b(i)?
2
Let n(g) = 20*g**2 - 17*g + 5. Let o(u) = 63*u**2 - 54*u + 16. Let l(a) = -19*n(a) + 6*o(a). Suppose 1 = -2*t + 4*c - 3, 5*c = 2*t + 4. What is l(t)?
-5
Let u(l) = -87708*l + 2 - l**2 - 4 + 87709*l. Let x be 0 - (1 + 2/(-2)). Determine u(x).
-2
Let w(d) = d**3 - 5*d**2 + d - 11. Suppose 44*i = -7*i + 255. Determine w(i).
-6
Let i be ((-8)/6)/(-4) - 6/(-9). Let l(x) = 9 + i + 2 - 218*x + 217*x. Determine l(5).
7
Let k(h) = h - 1. Let v(f) = -f**2 + 5*f - 5. Let y(p) = 4*k(p) - v(p). Let u(w) = 6*w**2 - 11*w + 4. Let d(l) = u(l) - 5*y(l). Calculate d(6).
-1
Let q = 52 + -28. Let m(z) = z - 6 + z - 15 + q. Give m(-4).
-5
Let u(v) be the first derivative of -11*v**2/2 - 22*v - 15. Let d(j) = -5*j - 11. Let l(y) = -7*d(y) + 3*u(y). Give l(-8).
-5
Let q(r) = 69 + 30 - 102 + r**2 - 4*r. Let y(f) = -f**2 - 6*f + 4. Let k be y(-6). Suppose 30 = k*v + v. Give q(v).
9
Suppose 4*v + 4 = -3*o - 0, -5*v = -5*o + 40. Let y(g) be the second derivative of g**4/12 + g**3/2 - 5*g**2/2 - 4*g. Determine y(v).
-1
Let r(f) be the first derivative of f**4/4 - 8*f**3/3 + 3*f**2 + f + 88. Calculate r(6).
-35
Let p(y) = -y**2 + 12*y - 14. Suppose 0 = -3*c - 4*r + 26, 2*c - 6*c + 35 = 5*r. What is p(c)?
6
Let g(d) = -82*d - d**3 + 4*d**2 - 4 + 83*d - 2 + 8*d**2. Give g(12).
6
Let c be ((-8)/(-10))/(46/(-115)). Let x(t) = t**2 - t - 3. Let z be x(c). Let o(q) = q**3 - 4*q**2 + 3*q + 1. Give o(z).
1
Let l(a) be the first derivative of -4 - 8 - 2*a**2 - 1 - 3*a. Suppose 5*o = 2*s - 7*s - 35, 0 = 2*o + 4*s + 24. Calculate l(o).
5
Let w(b) be the third derivative of b**6/120 - b**5/60 - b**4/24 + b**3/3 + 16*b**2 + 1. Give w(0).
2
Let g(p) be the second derivative of -p**8/6720 + p**7/2520 - p**6/360 + p**5/40 + 13*p**4/6 - 10*p. Let n(s) be the third derivative of g(s). Determine n(2).
-5
Let o(t) = t + 4. Let w = 49 + -49. Let u(x) = -x**2 - 4. Let q be u(w). Give o(q).
0
Suppose i = 5*t - i - 12, -12 = 2*t - 5*i. Suppose -3*m = m + 16, t*w = -2*m. Let y(x) = 3 - 6*x**2 + 5*x**2 - x**w + x**3 - 2*x. Calculate y(2).
-1
Let x(v) = 57*v - 414. Let m be x(7). Let g(b) = b**3 + 16*b**2 + 15*b - 7. Calculate g(m).
-7
Let u = -150 - -157. Let w(k) = -21 + 3*k**3 + k**2 + 11 + k - 4*k**3 + u*k**2. Determine w(8).
-2
Suppose -2*m = 3*m + 5. Let a(w) = -13*w - 9. Let b(n) = 3*n + 2. Let o(u) = -4*a(u) - 18*b(u). Determine o(m).
2
Let p(y) = 2*y**2 - 2. Suppose 1 + 29 = 2*l. Let u be 90/l*(2 + (-3)/2). Give p(u).
16
Let b = 861 - 866. Let q(k) = k**2 + 6*k + 2. Determine q(b).
-3
Let v(g) = -g**3 - g**2 - g + 8. Let w be ((0/(-2))/1)/1 - 0. Suppose w = -7*z + 3*z. Determine v(z).
8
Let n(f) = f**3 - 4*f**2 + 7*f - 3. Let l = -1183 + 1185. Determine n(l).
3
Let w(a) be the first derivative of a**6/180 + a**5/40 + a**4/24 + 5*a**3/3 - 5. Let b(o) be the third derivative of w(o). Suppose 6 = -3*p - 0. What is b(p)?
3
Suppose -3*h = 4*c + 264, -4*h + 50 + 173 = -3*c. Let p = c - -74. Let q(w) = w**3 - 5*w**2 + w - 1. What is q(p)?
4
Let j = 96 - 97. Let n(y) = 4*y**2 + 2*y + 3. Let p be n(j). Let t(i) = -i**3 + 6*i**2 - 5*i. Determine t(p).
0
Let r be ((-4)/5)/((-2)/5). Let s(z) be the second derivative of 4*z + 0 - z**2 + 1/6*z**4 + 0*z**3. Determine s(r).
6
Suppose 5*w + 649 = 4*b, -4*w + 760 = 5*b - 0*b. Let h(u) = 0 + 143*u - b*u + 3. What is h(2)?
-23
Suppose 2*q = 5*q - 18. Let a(j) = 0*j**2 - q + 3*j**2 + 0*j**2 - j**3 + 7*j - j. Suppose 8 = 5*o + 3*f, 4*o + 5*f = 7*f + 24. Determine a(o).
2
Let j(a) = 7*a - a**3 + 7*a + 3 + 0 + 0*a - 3*a - 8*a**2. Determine j(-9).
-15
Let q(d) = -2*d + 4. Let x(b) = -b**3 + 9*b**2 + 2*b - 13. Suppose 0 = 9*a - 74 - 7. Let m be x(a). Calculate q(m).
-6
Let h(y) = 5 + 0*y**2 + 3 + y**2 - 2*y - 6*y. Let q(x) = x**2 - x - 5. Let j be q(4). Determine h(j).
1
Let a(p) be the second derivative of p**6/120 - p**5/20 - p**3/2 - 7*p**2/2 - 20*p. Let n(h) be the first derivative of a(h). What is n(3)?
-3
Let k(g) be the third derivative of -g**6/120 + g**5/12 + 3*g**4/8 - g**3/3 + 3*g**2 + 8. Determine k(6).
16
Let i(l) be the second derivative of -l**4/12 + l**3 - 3*l**2 - 13*l. Let a(o) = 0 + 5 - 6 + o**2 - 1. Let x be a(-3). Calculate i(x).
-13
Let f(v) = 3*v**3 - 2*v**2 - v - 2. Suppose 3*w = -5*s - 14, w - 4*s - 18 = -0*s. What is f(w)?
12
Let f(i) be the second derivative of i**3/3 - 3*i**2/2 - 4*i + 4. Calculate f(9).
15
Suppose 11 = -u - 2*q, 2*u + 8*q = 10*q + 8. Let p(z) = -11*z**3 + z**2 - 2*z - 2. Give p(u).
12
Let t(p) = -5*p**2 - 2*p. Let s(h) = h**2 - h. Let g(a) = a**3 - 9*a**2 + 10*a - 17. Let v be g(8). Let y(d) = v*s(d) + t(d). Let u = -1 + 0. Calculate y(u).
-5
Let k(b) = -6 + 4 + 13*b - 4*b - 5 - 14. Determine k(3).
6
Let d(w) be the third derivative of -4*w**5/15 + w**4/24 + w**2. Let p be 3 + 2 - (3 - -4). Let c be (3 + 0 + -1)/(p/(-1)). What is d(c)?
-15
Let k(i) = i**2 - 5*i + 3. Let n be k(5). Suppose 3*u - 5*d - 21 = 0, 0 = 4*u + d - n*d - 28. Let p(w) = -4 + u - 3 + w + 2. Give p(-3).
-1
Let t(y) be the first derivative of -7*y**5/120 + y**4/24 + 2*y**3 - 9. Let i(w) be the third derivative of t(w). Give i(-1).
8
Let l(q) = 2*q**3 - q**2 - 3*q + 5. Let r be l(2). Let i(k) = -r - 2*k + 4*k - 6*k + 10. What is i(-2)?
7
Suppose -21*d + 3 = -20*d. Suppose -4*o - b = b - 30, -19 = -d*o + 2*b. Let l(n) = n**2 - 8*n + 1. What is l(o)?
-6
Let z(m) = -2*m + 3. Let w = -14 + 7. Let u(c) = -c**2 - 19*c - 11. Let f(q) = -q**2 - 20*q - 10. Let r(v) = w*u(v) + 6*f(v). Let x be r(-11). Calculate z(x).
13
Suppose -15 = -30*f + 27*f. Let w(g) = -11 - 7 + f*g + 5*g**2 - 6*g**2 + 16. Calculate w(4).
2
Let y b